{"id":748,"date":"2021-01-28T18:49:50","date_gmt":"2021-01-28T18:49:50","guid":{"rendered":"https:\/\/www.ncsbrand.hu\/?post_type=product&#038;p=748"},"modified":"2025-04-12T23:14:41","modified_gmt":"2025-04-12T23:14:41","slug":"scio-diagnosztika","status":"publish","type":"product","link":"https:\/\/www.ncsbrand.hu\/index.php\/product\/scio-diagnosztika\/","title":{"rendered":"SCIO Body Control"},"content":{"rendered":"","protected":false},"excerpt":{"rendered":"<p>Pigler Gr\u00e9ti Quantum Feedback &amp; SCIO specialist, v\u00e9gzett Agytr\u00e9ner \u00e9s J\u00f3gaoktat\u00f3 \u00e1ltal v\u00e9gzett felm\u00e9r\u00e9s \u00e9s a probl\u00e9m\u00e1k\/egyens\u00falytalans\u00e1gok megold\u00e1s\u00e1nak kezel\u00e9se, \u00e1tbesz\u00e9l\u00e9se.<br \/>\n&#8211; Tan\u00e1csad\u00e1s.<br \/>\n&#8211; 1 \u00f3r\u00e1s felm\u00e9r\u00e9s \u00e9s konzult\u00e1ci\u00f3.<br \/>\n&#8211; T\u00e1pl\u00e1l\u00e9kkieg\u00e9sz\u00edt\u00e9si javaslat<\/p>\n","protected":false},"featured_media":645,"comment_status":"open","ping_status":"closed","template":"","meta":[],"_links":{"self":[{"href":"https:\/\/www.ncsbrand.hu\/index.php\/wp-json\/wp\/v2\/product\/748"}],"collection":[{"href":"https:\/\/www.ncsbrand.hu\/index.php\/wp-json\/wp\/v2\/product"}],"about":[{"href":"https:\/\/www.ncsbrand.hu\/index.php\/wp-json\/wp\/v2\/types\/product"}],"replies":[{"embeddable":true,"href":"https:\/\/www.ncsbrand.hu\/index.php\/wp-json\/wp\/v2\/comments?post=748"}],"wp:featuredmedia":[{"embeddable":true,"href":"https:\/\/www.ncsbrand.hu\/index.php\/wp-json\/wp\/v2\/media\/645"}],"wp:attachment":[{"href":"https:\/\/www.ncsbrand.hu\/index.php\/wp-json\/wp\/v2\/media?parent=748"}],"curies":[{"name":"wp","href":"https:\/\/api.w.org\/{rel}","templated":true}]}}